?
6
Let u = -15 + 19. Suppose y - 11 - u = 0. What is the units digit of y?
5
Let i be (102/15)/((-1)/(-5)). Let x be (i - 5)*(-1 - -2). Suppose -1 - x = -3*j. What is the tens digit of j?
1
Let a = 41 - 20. What is the tens digit of a?
2
Let c = -6 + 18. Let p = -7 + c. What is the units digit of p?
5
Let b(u) = 3*u**2 + 3*u + 3. Let h be b(-2). Let q = -3 + h. What is the units digit of q?
6
What is the units digit of (7 + -115)*2/(-8)?
7
Suppose -3 + 8 = d. What is the units digit of d?
5
Let f(z) = -18*z - 9. What is the tens digit of f(-5)?
8
Let j = 9 + -37. Let w = 16 + j. What is the units digit of (-62)/(-12) + 2/w?
5
Let h(p) = 4*p**2 + p. Let b be h(-1). Suppose 2*k = k. Suppose -b*u + 14 - 2 = k. What is the units digit of u?
4
Let z(y) = 7*y - 2 - 4*y**2 + 3*y**2 + 1. Let x be z(4). What is the units digit of -5 + 2 + 2*x?
9
Suppose -19 = -2*s - t + 2*t, 3*t = s - 12. What is the tens digit of ((-40)/(-6))/(3/s)?
2
Suppose 6 = 2*z, -3*q - 2*z = -2*q - 39. Suppose -k = 2*k - 3*d - q, 5*d = 10. What is the units digit of k?
3
Let h be 6 - (-3 - (-9)/3). Suppose -2*u + h*u - 96 = 0. What is the units digit of u?
4
Suppose -2*n + x + 8 = 0, 0 = -3*x + 5*x - 4. Let i = -5 + n. Suppose i = 5*o - 38 - 2. What is the units digit of o?
8
Let f be (-2 - 481)/(-3) - 3. Suppose -2*p - 2*p + o = -199, -o + f = 3*p. Suppose p = 5*x + 6. What is the units digit of x?
9
Suppose s + 9*r = 10*r + 326, 3*r + 328 = s. What is the units digit of s?
5
Let z = 19 - -20. What is the units digit of z?
9
Let m = -7 - -19. Let c = m + 0. Suppose -l + c = 2. What is the tens digit of l?
1
Suppose m + 11 = 4*s, m - 3*s = -m - 22. Let o = -8 - m. What is the units digit of o?
3
Suppose -2*i + 28 = f, -2*f = 2*i - 22 - 26. What is the units digit of f?
0
Let m = -29 - -48. What is the units digit of m?
9
Let m(y) = 13*y**2 - 3*y - 2. What is the tens digit of m(-2)?
5
Suppose -2*y + 4 = -2. Let p = -1 + y. Suppose -8 = -p*g - 5*u, -4*g - g + 58 = 3*u. What is the units digit of g?
4
Let j be 2 + -23 - (2 + -2). Let t = -7 - j. What is the tens digit of t?
1
Let o(u) = -u**2 - 6*u - 5. Let z be o(-4). Suppose 4*c = -3*v - 9, 3*v + z = -2*c - 0. What is the units digit of v?
1
Let i = 12 - 7. Let n(w) = w**3 - 4*w**2 - 4*w - 2. What is the units digit of n(i)?
3
Let t = -10 - -33. What is the tens digit of t?
2
Let x(k) = k**3 - 17*k**2 + 6*k - 22. What is the units digit of x(17)?
0
Suppose -7 = -r - 3*v, -21 = -5*r - 5*v + 24. What is the tens digit of r?
1
Let p = -95 + 149. What is the tens digit of p?
5
Let o(d) = -2*d - 1. Suppose 11 + 5 = -4*l - 4*k, -3*l = -4*k - 2. Let r be 1*((-2 - l) + -1). What is the units digit of o(r)?
1
Suppose -3*f - 3 = 0, -3*f + 8*f + 80 = -5*v. Let s be (-4)/(-3)*v/(-2). Let x = -7 + s. What is the units digit of x?
3
Let f be 5 + 0 + (-1 - -1). Suppose -3 = -5*i + r + 3*r, 3*i + f*r = 24. Suppose 2 - 6 = -j + 2*u, 0 = i*j + 2*u - 12. What is the units digit of j?
4
Let d(j) = -27*j**3 - j**2 - j - 1. What is the units digit of d(-1)?
6
Let b be (-1 - (-6 + 4))*-1. What is the tens digit of b - (3/(-3) - 20)?
2
Suppose 1341 = 5*r + 2*y + 111, -4*r + y = -984. What is the hundreds digit of r?
2
Let c(z) = -z**3 + 5*z**2 + 9*z - 2. What is the tens digit of c(-5)?
0
Suppose 69 + 7 = 4*y. What is the tens digit of y?
1
Let q = -6 - -5. Let r be (1 - (q + 3))*2. Let t(u) = -6*u + 2. What is the units digit of t(r)?
4
What is the tens digit of ((-14)/7)/(1*(-2)/31)?
3
Suppose -2*t + 1 = -t, -2*t = 5*m - 1062. What is the units digit of m?
2
Suppose 150 = -5*n + m, -5*n + 0*m = 2*m + 150. What is the units digit of 252/n*(-10)/4?
1
Suppose c = -4*u - 15 - 1, -5*c - 4*u - 16 = 0. Suppose 4*s + c*s - 116 = 0. What is the tens digit of s?
2
Let o = 565 + -352. What is the units digit of o?
3
Suppose 6 = 4*u - 10, -32 = -5*o - 3*u. Suppose -5*i + o = -1. What is the units digit of i?
1
Let s be ((-2)/5)/((-2)/(-10)). What is the units digit of (18/s)/(-3) + 1?
4
Let v(o) = 2*o**3 + o. Let k be v(1). What is the units digit of 13 + 2*k/(-2)?
0
Suppose 4*v - 9*v = -410. What is the units digit of v?
2
Suppose -3*x - 2*n = -2 - 2, -4*n + 8 = x. Suppose x = 2*a - 5*a + 12. Suppose -5*b = a*g - 45, 0 = -5*g + 41 - 16. What is the units digit of b?
5
Let f be (-3)/(-2) + (-1)/(-2). Suppose u + 1 = f. What is the units digit of u?
1
Suppose -4*p - 41 = -3*v, 4*v - 3*p = 16 + 27. Suppose 3*o + 4*n - 58 = 0, 2*n = 4*o - v*o + 62. Let c = o + -13. What is the units digit of c?
9
Let l(m) be the first derivative of -2*m**2 + m + 2. Let i be l(1). Let f(g) = g**3 + 5*g**2 + 2*g + 1. What is the units digit of f(i)?
3
Let r = -22 + 67. What is the tens digit of r?
4
Let h(x) = -x**3 - 5*x**2 - x - 20. What is the units digit of h(-7)?
5
Suppose 47*r - 44*r - 228 = 0. What is the units digit of r?
6
Let o(t) = t**3 - t**2 - 2*t - 1. Let i be o(2). Let m be i/(1/6*3). What is the units digit of m + (27/1)/3?
7
Let u = -5 + 8. Suppose 52 = x + u*x. What is the tens digit of x?
1
Suppose 2*q + 15 = 3*k - q, -4*q = k. Suppose 10 = k*f - 58. Suppose 0 = c - 2*c + f. What is the tens digit of c?
1
Let b = -5 - -2. What is the units digit of (1/5)/(b/(-15))?
1
Suppose -263 - 157 = 4*a. What is the units digit of -2*(a/6)/1?
5
Let c(i) = -i**3 - 9*i**2 - i - 5. Let a be c(-9). Let j(w) = 2*w**2 + 2*w - 1. What is the units digit of j(a)?
9
Let k(q) = 2*q - 3. Let r(d) = -15*d + 20. Let a(w) = -20*k(w) - 3*r(w). Suppose -3*u = -5*m + 4, -m = u + 2*m - 8. What is the tens digit of a(u)?
1
Suppose 5*j - 20 = 5. What is the units digit of (-10 + j)/(1/(-7))?
5
Let v(m) = -9*m - 4. Let j be v(-4). Let q = -17 + j. What is the tens digit of q?
1
Let t(v) = 13*v**2 - v + 4. Let r(l) = -4*l**2 - 1. Let d(j) = 7*r(j) + 2*t(j). Let b be d(1). What is the units digit of 1 + -1 + (b - -5)?
2
What is the tens digit of (186/12)/(2/4)?
3
Suppose 2*x = -3*d + 2*d + 183, 2 = x. What is the units digit of d?
9
Let v = 25 + -16. Suppose 0 = v*k - 5*k. Suppose -u + k = -4. What is the units digit of u?
4
Suppose -z = t - 198, -4*t = 5*z - 413 - 374. What is the units digit of t?
3
Let h = 3 + 20. Suppose -3 = -4*v - h, 5*v + 13 = -2*m. Suppose -m*b + 2*b + 32 = 0. What is the units digit of b?
8
Let f(c) = -52*c - 24. What is the tens digit of f(-6)?
8
Let c(i) = 3*i**3 - 3*i**2 + 4*i - 2. Let z be c(3). Let a = 108 - z. What is the tens digit of (2/(-4))/((-2)/a)?
1
Suppose 2*z - 144 = -7*z. What is the tens digit of z?
1
Suppose -x + z = -13, -30 = -x - 5*z - 11. Suppose -q - q = -x. What is the units digit of q?
7
Let z(q) = -q + 8. Let h be z(0). Suppose -x + 5*x = h. What is the units digit of 1 - (x + -1)*-7?
8
Let x(m) = -7*m**3 - 4*m**2 - 4*m - 3. What is the tens digit of x(-2)?
4
Let q(b) = -b**2 - 12*b + 6. What is the tens digit of q(-11)?
1
Let j = -2 - -4. Suppose 0*p + j*p = 14. What is the units digit of p?
7
Let x = -3 + 3. Let f(s) = -s**2 - s + 15. Let n be f(x). What is the units digit of 6/n - (-33)/5?
7
Let q be (2 + (-18)/4)*-2. Suppose 6*r - 19 = q*r. What is the tens digit of r?
1
Let j(g) = -g**3 - 5*g**2 + 5*g. Let m be j(-6). Suppose 5*p - 15 = 5*t, m*p - t = 3*p + 11. Suppose 0 = q, 3*x = 2*x + p*q + 1. What is the units digit of x?
1
Let h = -11 - -17. Suppose -2*c + y = -11, h - 21 = -5*y. What is the units digit of c?
7
Let d(h) be the third derivative of -h**5/60 + 5*h**4/24 + h**3/6 + 3*h**2. What is the units digit of d(5)?
1
Suppose -100 - 292 = -7*v. What is the units digit of v?
6
Suppose -210 = -5*v - 5*n, -3*v + 2*n - 129 = -6*v. What is the units digit of v?
5
Suppose 2*q + 3*k = -8, -1 = -5*q + 3*k + 21. Let u = q + 8. What is the tens digit of u?
1
Let z(h) = h**2 + 7*h - 2. Let u be z(-10). Suppose -y - y - u = 0. What is the units digit of 4/((y/(-8))/7)?
6
Let s be -1 - (0 + 2 - 7). Suppose y = -y - s. Let d(z) = 7*z**2 + 4*z + 2. What is the tens digit of d(y)?
2
Let c(m) be the third derivative of m**7/630 - m**6/720 + m**5/30 - 2*m**2. Let i(h) be the third derivative of c(h). What is the units digit of i(1)?
7
Let a = 8 + -4. Suppose 5 - 1 = 5*p - 4*i, -i - 1 = -4*p. Let j = a - p. What is the units digit of j?
4
Let f(d) = -9*d + 3. Let l(r) = r**3 + 4*r**2 + 2*r + 5. Let t be l(-4). What is the units digit of f(t)?
0
Supp